Let m(d) = 2*d + 9. Give m(-7).
-5
Let h(z) = 14*z - 353. Determine h(25).
-3
Let t(r) = -r**3 - 7*r**2 + 12*r + 27. Give t(-8).
-5
Let m(d) = -d**3 + 6*d**2 - 9*d + 3. Calculate m(2).
1
Let o(l) = -15*l + 11. Calculate o(-4).
71
Let b(t) = -2*t**2 + 5*t + 5. Calculate b(-2).
-13
Let a(g) = g**3 - 6*g**2 - 4*g - 8. Give a(8).
88
Let m(y) = y**3 + 5*y**2 + 19*y + 54. Give m(-4).
-6
Let y(g) = g**2 + 9*g + 3. Give y(-11).
25
Let m(c) = -c**3 - c**2 + 10*c + 4. Determine m(4).
-36
Let p(z) = -z**3 + 12*z**2 - 10*z - 8. What is p(11)?
3
Let u(j) = -2*j + 2. Calculate u(5).
-8
Let x(h) = 2*h + 6. Determine x(5).
16
Let m(c) = -9*c - 1. What is m(-2)?
17
Let i(j) = -j**2 + 13*j + 1. Calculate i(12).
13
Let y(r) = r**3 - 5*r**2 + 11*r - 42. Calculate y(5).
13
Let o(i) = i**2 + 8*i + 14. What is o(-6)?
2
Let g(r) = -r**2 + 2*r. What is g(3)?
-3
Let y(i) = -i**3 - 8*i**2 - i - 1. Determine y(-9).
89
Let f(w) = 55*w + 372. What is f(-7)?
-13
Let z(v) = -2*v**3 - 12*v**2 - 5*v + 12. Give z(-5).
-13
Let j(p) = -p**3 + 16*p**2 + 54*p + 53. Determine j(19).
-4
Let d(f) = 7*f + 196. Determine d(-28).
0
Let k(t) = -t**3 + 1. Determine k(-2).
9
Let o(s) = -s**3 - 4*s**2 + 5*s + 8. Determine o(-5).
8
Let b(z) = -2*z**3 + z - 1. Determine b(2).
-15
Let g(m) = m**2 - 2*m. Determine g(2).
0
Let t(s) = 2*s**2 - 7*s + 16. Give t(7).
65
Let k(x) = x**3 + 7*x**2 + 4*x + 3. What is k(-5)?
33
Let o(k) = k**2 - 10*k + 4. Determine o(6).
-20
Let q(k) = -3*k**3 + 2*k**2 - 7*k + 15. What is q(4)?
-173
Let o(x) = x**2 + 20*x + 1. What is o(-8)?
-95
Let s(c) = -4*c**3 - 2*c**2 + 1. Determine s(-1).
3
Let x(o) = o - 2. Determine x(7).
5
Let q(i) = i**3 + 20*i**2 - 8. Calculate q(-20).
-8
Let t(r) = r + 9. Give t(-8).
1
Let m(a) = -a**3 + 6*a**2 + 3*a + 17. Give m(7).
-11
Let n(s) = 3*s**3 + 2*s. Calculate n(-3).
-87
Let v(x) = 13*x - 15. Determine v(8).
89
Let i(g) = 10*g**2 - g. Give i(1).
9
Let y(j) = -j**3 + 6*j**2 - 26*j + 143. Calculate y(6).
-13
Let p(q) = -2*q**3 + 6*q**2 - 8*q + 3. Determine p(3).
-21
Let y(h) = h**3 + 10*h**2 - h - 5. Determine y(-10).
5
Let v(a) = a + 13. Give v(-1).
12
Let n(h) = 19*h**3 - 2*h**2 + h + 2. Calculate n(-1).
-20
Let m(v) = 2*v - 13. Determine m(4).
-5
Let w(n) = -n - 10. Calculate w(9).
-19
Let d(m) = m - 9. Give d(7).
-2
Let c(k) = k**3 + 4*k**2 + k - 8. What is c(-5)?
-38
Let q(a) = -a**3 - 7*a**2 + 31*a - 23. Determine q(-10).
-33
Let k(p) = -16*p + 649. What is k(40)?
9
Let i(d) = -d**3 + 3*d**2 + 2*d - 3. Determine i(3).
3
Let u(v) = 20*v - 6. Give u(4).
74
Let j(k) = k**2 - 5*k - 3. Calculate j(-1).
3
Let w(f) = -f**3 + f**2 + 4*f + 5. Give w(3).
-1
Let s(y) = 3*y - 24. Determine s(8).
0
Let a(m) = m**3 - 9*m**2 - 21*m - 31. Calculate a(11).
-20
Let a(x) = -15*x**3 - x**2 - 2*x - 1. What is a(-1)?
15
Let q(p) = p**3 - 3*p**2 + p + 1. Give q(3).
4
Let y(q) = -19*q + 115. Give y(6).
1
Let q(h) = 4*h - 5. Determine q(8).
27
Let c(a) = -a**2 - 16*a - 23. Give c(-16).
-23
Let i(f) = 4*f - 7. What is i(8)?
25
Let i(g) = 6*g - 17. Calculate i(5).
13
Let a(t) = -t**2 + 12*t + 19. Give a(13).
6
Let h(v) = 16*v**2 + 79*v - 4. Calculate h(-5).
1
Let m(g) = g**3 + 13*g**2 - 4*g - 54. Give m(-13).
-2
Let p(l) = -l**3 - 9*l**2 - 16*l - 77. What is p(-8)?
-13
Let z(u) = -5*u + 20. Calculate z(7).
-15
Let s(y) = 10*y**3 - y**2 + 2*y - 2. Determine s(1).
9
Let y(b) = -2*b**3 - 5*b + 19. Calculate y(0).
19
Let s(m) = 2*m**2 - 12*m + 11. Determine s(4).
-5
Let g(z) = -z**3 + 8*z**2 + 6*z + 19. Calculate g(9).
-8
Let b(d) = -6*d**3 + 2*d**2 + 1. What is b(2)?
-39
Let b(s) = -2*s**3 + s**2 + 2*s + 2. Give b(2).
-6
Let k(v) = -v**3 + 2*v**2 + 3*v - 3. What is k(2)?
3
Let y(n) = -5*n**2 - 2*n + 14. Determine y(5).
-121
Let y(o) = -o**2 + 27*o - 96. Give y(23).
-4
Let u(l) = 4*l + 35. What is u(-6)?
11
Let y(x) = -x**3 - 9*x**2 + 5*x + 13. Calculate y(-9).
-32
Let h(t) = -t**2 - 5*t + 9. Determine h(-7).
-5
Let s(a) = a**3 - a. What is s(-1)?
0
Let w(g) = 4*g - 3. Determine w(3).
9
Let d(v) = 2*v + 36. Calculate d(-13).
10
Let x(s) = -s**3 - 14*s**2 - 23*s - 8. What is x(-12)?
-20
Let u(y) = -y**3 - 12*y**2 - 12*y - 9. Determine u(-11).
2
Let q(w) = -2*w**2 + 9*w + 7. Calculate q(-1).
-4
Let g(z) = z**3 + z**2 - 2*z + 3. Give g(-4).
-37
Let c(u) = u**2 - 6*u - 33. Determine c(-5).
22
Let c(k) = k**3 - 10*k**2 - 5*k - 14. Determine c(8).
-182
Let b(q) = q**3 - 7*q**2 - 60*q + 12. Determine b(12).
12
Let q(w) = 4*w - 57. What is q(15)?
3
Let g(p) = 45*p + 546. Calculate g(-12).
6
Let p(u) = u**2 - 12*u + 33. Calculate p(9).
6
Let l(t) = -t**3 + 10*t**2 - 5*t - 27. Give l(9).
9
Let p(g) = g**3 + 7*g**2 - 5*g + 27. What is p(-8)?
3
Let h(w) = w**2 + 6*w + 6. Give h(-3).
-3
Let d(k) = k**3 - 8*k**2 + 8*k - 12. Determine d(8).
52
Let l(m) = 9*m + 1. Give l(-1).
-8
Let z(g) = -g**2 + 8*g + 94. Give z(-6).
10
Let g(i) = -i + 18. What is g(17)?
1
Let r(v) = 13*v**3 + v**2 - 2*v + 1. Determine r(1).
13
Let t(y) = 6*y - 85. Give t(17).
17
Let x(k) = -k**3 - 3*k**2 + 19*k + 63. What is x(-3)?
6
Let d(b) = 11*b**2 - b + 1. Calculate d(1).
11
Let k(a) = -a - 12. Determine k(23).
-35
Let f(t) = t**3 - t - 4. Give f(0).
-4
Let b(c) = 2*c**2 - 1. What is b(-2)?
7
Let n(f) = -f + 10. Calculate n(6).
4
Let j(c) = 7*c**3 + 4*c**2 - 3*c - 2. What is j(2)?
64
Let a(l) = -12*l + 9. What is a(-4)?
57
Let v(q) = 8*q**3 - 3*q + 2. Give v(1).
7
Let q(a) = -11*a + 15. Determine q(2).
-7
Let s(d) = 3*d**2 + 4*d. Determine s(-2).
4
Let v(w) = -w**3 - 15*w**2 - 12*w + 28. Determine v(-14).
0
Let h(p) = -9*p - 3. Give h(5).
-48
Let a(r) = 4*r**2 + 24*r - 29. Determine a(-7).
-1
Let r(q) = 11*q + 295. Calculate r(-26).
9
Let a(h) = -81*h - 323. What is a(-4)?
1
Let w(x) = 17*x - 5. What is w(0)?
-5
Let g(i) = -i**3 + 13*i**2 + 5*i - 18. Give g(13).
47
Let j(t) = 5*t + 11. Determine j(6).
41
Let v(p) = -12*p - 4. Calculate v(-5).
56
Let q(k) = -k**3 + 4*k**2 - 9. Determine q(3).
0
Let m(a) = -5*a**2 + 3*a - 3. Calculate m(2).
-17
Let o(j) = 9*j - 19. Calculate o(7).
44
Let z(v) = -v**2 - 2*v + 3. Determine z(-6).
-21
Let k(u) = 2*u - 13. Determine k(-6).
-25
Let a(g) = g**3 + 14*g**2 - 2*g - 2. Give a(-14).
26
Let f(w) = -67*w**3 - w**2 + 2*w - 1. What is f(1)?
-67
Let b(t) = 3*t**3 + t**2 + t + 4. Determine b(-2).
-18
Let c(w) = -2*w**2 + 6*w + 4. Calculate c(5).
-16
Let g(m) = -14*m**2 + 16*m - 2. Determine g(3).
-80
Let z(c) = c**3 - c**2 - 113*c - 23. Calculate z(-10).
7
Let g(n) = 2*n**3 + 3*n - 3. What is g(2)?
19
Let z(j) = j**3 - j**2 + 7*j - 14. Give z(4).
62
Let z(m) = -m**3 + 5*m**2 + 7*m + 1. Give z(6).
7
Let g(d) = 10*d - 10. Determine g(-5).
-60
Let d(c) = -c**3 + 12*c**2 - 9*c - 105. Give d(10).
5
Let h(v) = -3*v + 31. Calculate h(7).
10
Let f(i) = 70*i + 72. Give f(-1).
2
Let i(q) = -q**3 - 6*q**2 + 2*q + 4. Calculate i(-6).
-8
Let i(c) = -4*c**3 - 2*c**2 - c + 2. What is i(1)?
-5
Let c(t) = 9*t + 16. Determine c(1).
25
Let r(k) = -5*k**3 - 3*k**2 + 3*k. Calculate r(1).
-5
Let r(t) = -92*t - 360. Give r(-4).
8
Let w(z) = z**2 + 2*z - 11. Determine w(0).
-11
Let t(g) = 4*g - 5. Give t(-4).
-21
Let q(p) = 10*p - 8. What is q(5)?
42
Let v(u) = 2*u**2 - 56*u + 43. Calculate v(27).
-11
Let s(x) = -x**2 + 6*x - 1. What is s(6)?
-1
Let p(q) = 5*q + 8. Calculate p(-4).
-12
Let c(h) = 10*h**2 + 3*h + 3. Give c(-1).
10
Let m(f) = -f**3 - 3*f**2 + 2*f + 2. What is m(2)?
-14
Let t(o) = -6*o + 156. Determine t(26).
0
Let u(h) = h**2 - 5*h - 8. Give u(-4).
28
Let f(y) = 6*y**2 - 43*y + 14. Determine f(8).
54
Let i(p) = -p**3 + 17*p**2 - 26*p - 64. What is i(15)?
-4
Let a(x) = -x**3 + 10*x**2 - 2*x - 2. Determine a(10).
-22
Let r(l) = -2*l - 68. Give r(-29).
-10
Let c(s) = -5*s + 16. What is c(5)?
-9
Let p(l) = -l**3 - 2*l**2 + 8*l - 30. Determine p(-5).
5
Let l(m) = m**2 + 14*m + 40. What is l(-7)?
-9
Let t(l) = l**3 + 2*l**2 - 7*l - 5. Calculate t(-5).
-45
Let n(g) = -g**2 + 7*g - 40. Calculate n(6).
-34
Let y(g) = -g**3 - 21*g**2 - 4*g - 75. Give y(-21).
9
Let l(b) = 5*b - 175. Give l(37).
10
Let y(q) = 9*q + 1. Calculate y(1).
10
Let r(k) = k + 4. Calculate r(7).
11
Let g(t) = -7*t**2 - 3*t + 17. Determine g(-5).
-143
Let a(j) = j - 9. Give a(-7).
-16
Let y(c) = -2*c**2 - 31*c - 10. Give y(-15).
5
Let x(h) = 5*h**2 + 18*h + 14. Calculate x(-4).
22
Let t(h) = -h**2 - 2*h + 38. 